63956?
True
Is 11 a factor of 7471145?
True
Is 9247491 a multiple of 6?
False
Is 1422 a factor of 345877963?
False
Does 4378 divide 499612174?
False
Does 40 divide 28854240?
True
Is 11 a factor of 31360791?
True
Does 15 divide 186909104?
False
Is 50455803 a multiple of 68?
False
Is 130408908 a multiple of 1526?
True
Does 15 divide 345757?
False
Is 375 a factor of 15716625?
True
Is 1083 a factor of 2148760806?
True
Does 7 divide 54873626?
False
Is 623836440 a multiple of 53?
False
Does 37 divide 51322912?
False
Is 463 a factor of 2853794026?
True
Is 310427380 a multiple of 10?
True
Does 79 divide 1104437371?
False
Is 8 a factor of 381869256?
True
Does 1814 divide 309305683?
False
Is 4044 a factor of 44734728?
True
Is 190 a factor of 132474510?
False
Is 65512714 a multiple of 11?
False
Is 109 a factor of 55026688?
True
Is 68635470 a multiple of 310?
False
Does 1681 divide 51946262?
True
Is 23 a factor of 248907219?
True
Does 139 divide 1819883?
False
Is 12088174 a multiple of 1117?
True
Is 296668360 a multiple of 2930?
True
Is 8121196 a multiple of 5?
False
Does 6 divide 13610881?
False
Does 174 divide 12904464?
False
Is 1743612803 a multiple of 1959?
False
Is 419862797 a multiple of 161?
False
Is 1919 a factor of 263232041?
False
Is 327561051 a multiple of 163?
True
Does 1518 divide 1922932572?
True
Does 2 divide 61254291?
False
Is 169 a factor of 1395526964?
True
Is 309698532 a multiple of 39?
True
Is 1668 a factor of 37699918?
False
Is 130 a factor of 72858500?
True
Is 6908 a factor of 1192776728?
True
Does 47 divide 90106962?
False
Is 434 a factor of 43459379?
False
Does 2349 divide 735413359?
False
Is 1163 a factor of 50590500?
True
Is 559 a factor of 18193214?
True
Does 568 divide 43010920?
False
Does 12292 divide 881975584?
True
Is 2999430 a multiple of 7?
True
Is 192 a factor of 13624704?
True
Does 4 divide 449694592?
True
Is 757 a factor of 185444828?
False
Is 21 a factor of 24447822?
True
Is 28 a factor of 416904908?
True
Is 89979334 a multiple of 16?
False
Is 159740265 a multiple of 117?
False
Does 18 divide 152948160?
True
Does 644 divide 390160960?
True
Does 27 divide 42396346?
False
Is 1252 a factor of 10936220?
True
Is 301 a factor of 6554877?
True
Is 6086877 a multiple of 13?
False
Is 16032219 a multiple of 21?
True
Is 8053500 a multiple of 300?
True
Is 1204 a factor of 111152076?
True
Does 46 divide 56136033?
False
Is 1427767740 a multiple of 63?
True
Does 10 divide 3966635507?
False
Is 55 a factor of 125798170?
False
Is 15307947 a multiple of 4021?
True
Is 1190481737 a multiple of 97?
False
Is 24354904 a multiple of 10?
False
Is 12330586 a multiple of 1985?
False
Is 30 a factor of 342000846?
False
Is 9189860 a multiple of 302?
True
Is 15907989 a multiple of 114?
False
Is 133 a factor of 35408790?
False
Is 110 a factor of 18235250?
True
Is 107836655 a multiple of 6?
False
Does 3188 divide 767536894?
False
Is 127 a factor of 318867028?
True
Is 21 a factor of 18240789?
True
Is 4 a factor of 12148220?
True
Does 26 divide 49842?
True
Is 230 a factor of 335646130?
True
Does 204 divide 29031146?
False
Is 63 a factor of 79671627?
True
Is 159 a factor of 10762237?
False
Does 2970 divide 43115490?
True
Is 70 a factor of 26321960?
True
Is 3166342 a multiple of 8?
False
Is 38 a factor of 72995471?
False
Is 53447886 a multiple of 1686?
True
Is 1580171355 a multiple of 9?
True
Does 1862 divide 635627216?
True
Is 590 a factor of 137306788?
False
Is 9 a factor of 9393714?
True
Is 72050556 a multiple of 5134?
True
Is 542 a factor of 1869765853?
False
Is 462865383 a multiple of 1193?
False
Is 1688 a factor of 510385168?
False
Does 35 divide 3635563?
False
Is 20 a factor of 271592600?
True
Is 2302120005 a multiple of 6209?
False
Is 6 a factor of 318592056?
True
Is 530222552 a multiple of 6407?
False
Is 77110849 a multiple of 2701?
True
Does 36 divide 5447592?
True
Is 4288819815 a multiple of 315?
True
Does 1295 divide 16348866?
False
Is 275 a factor of 61340675?
True
Is 1155 a factor of 50729572?
False
Is 7837088 a multiple of 112?
True
Is 3081 a factor of 229102263?
False
Is 408 a factor of 4611475080?
True
Is 35595440 a multiple of 463?
True
Is 1760 a factor of 325202240?
True
Is 74250475 a multiple of 264?
False
Is 57 a factor of 78120434?
False
Does 52 divide 6382896?
True
Does 24 divide 14998034?
False
Does 40 divide 585195000?
True
Is 59788978 a multiple of 12?
False
Does 2 divide 1583145?
False
Is 1126059660 a multiple of 11?
True
Is 36731863 a multiple of 27?
False
Is 1102273950 a multiple of 1675?
True
Is 168317030 a multiple of 12?
False
Does 86 divide 322085480?
True
Is 6853 a factor of 2069811590?
True
Does 12 divide 877368501?
False
Is 4 a factor of 16308416?
True
Does 12 divide 134843370?
False
Does 7 divide 4336171?
True
Is 64 a factor of 143018048?
True
Does 1661 divide 118713471?
False
Is 14207436 a multiple of 87?
False
Is 8 a factor of 35569370?
False
Does 6166 divide 566306262?
False
Does 23 divide 29650570?
False
Is 2688084 a multiple of 8?
False
Is 22 a factor of 2368820190?
True
Is 9 a factor of 10401314?
False
Is 84695200 a multiple of 368?
True
Does 444 divide 174706008?
True
Is 374422360 a multiple of 130?
True
Is 283062330 a multiple of 58?
True
Is 25 a factor of 100345227?
False
Does 1082 divide 1211328214?
True
Is 126 a factor of 37355975?
False
Does 11 divide 6229329?
False
Does 5070 divide 629902362?
False
Is 231 a factor of 151261882?
False
Is 1350 a factor of 153216900?
True
Is 365 a factor of 1431324204?
False
Is 151 a factor of 138107620?
True
Is 9 a factor of 356205051?
True
Does 567 divide 717969987?
True
Is 2488456023 a multiple of 63?
False
Is 108460794 a multiple of 4953?
True
Is 127 a factor of 435080367?
False
Is 5689 a factor of 86895827?
False
Is 737684053 a multiple of 363?
False
Is 60480008 a multiple of 124?
True
Does 6841 divide 126278019?
True
Does 641 divide 54198018?
False
Is 125287596 a multiple of 768?
False
Is 29 a factor of 27723681?
True
Does 380 divide 271653781?
False
Does 12 divide 973787004?
True
Does 5193 divide 131611510?
False
Does 2 divide 4206264?
True
Is 18 a factor of 1922123646?
True
Is 25 a factor of 6965125?
True
Is 537259961 a multiple of 2303?
True
Is 124 a factor of 66594200?
True
Is 242595334 a multiple of 202?
True
Is 293 a factor of 72168830?
True
Does 1552 divide 10133841?
False
Is 60 a factor of 55406220?
True
Is 439974035 a multiple of 211?
True
Is 26757814 a multiple of 12?
False
Does 12 divide 1748752644?
True
Does 505 divide 88691130?
True
Is 19215099 a multiple of 3?
True
Is 10 a factor of 8622245?
False
Is 50300312 a multiple of 47?
False
Is 1139920 a multiple of 113?
False
Does 2006 divide 9807136?
False
Is 230 a factor of 1163033?
False
Is 943146345 a multiple of 319?
False
Is 78 a factor of 47149128?
True
Does 9870 divide 4402549571?
False
Is 704 a factor of 41442368?
True
Does 2660 divide 27295663?
False
Is 18 a factor of 3361266?
True
Is 3274467840 a multiple of 2313?
True
Is 21 a factor of 123361104?
False
Is 25295957 a multiple of 1172?
False
Does 194 divide 37484485?
False
Does 320 divide 139152317?
False
Is 23860608 a multiple of 128?
True
Is 104 a factor of 50350872?
True
Is 73 a factor of 159752101?
False
Is 963 a factor of 578955937?
False
Does 30 divide 1627977?
False
Is 13483200 a multiple of 3180?
True
Is 21980739 a multiple of 121?
True
Is 51396672 a multiple of 146?
True
Does 1404 divide 29362029?
False
Does 193 divide 620668025?
False
Is 507026178 a multiple of 194?
True
Is 3245363 a multiple of 63?
False
Does 29 divide 24834208?
True
Is 729 a factor of 26847612?
True
Is 213 a factor of 456457449?
False
Is 1688 a factor of 33917300?
False
Is 240081900 a multiple of 185?
True
Is 18 a factor of 1695978?
True
Is 120 a factor of 14063264?
False
Does 295 divide 52388321?
False
Is 32 a factor of 13481033?
False
Does 377 divide 930600749?
True
Is 50620798 a multiple of 631?
False
Does 19 divide 1454128?
False
Is 72287777 a multiple of 16?
False
Does 27 divide 109739367?
True
Is 7 a factor of 549335549?
True
Is 301 a factor of 12728831?
False
Is 1532200397 a multiple of 314?
False
Is 9331560 a multiple of 644?
True
Does 12 divide 960496285?
False
Is 1452 a factor of 2741512488?
True
Is 1207 a factor of 215611844?
False
Is 411622808 a multiple of 18?